vative of -43*l**6/144 - 5*l**5/24 + l**4/8 + 30*l**2. Let x(s) be the second derivative of v(s). Is x(-4) a composite number?
True
Let r be 0 + 1 - (-9 + 1). Let k(p) = 10*p**3 + 11*p**2 - 13*p - 64. Let y be k(10). Suppose -r*n + y + 8471 = 0. Is n a composite number?
False
Let n(h) = 53*h**3 + 3*h**2 - 4*h + 4. Let z be n(3). Let t(i) = i**2 - 26*i + 171. Let d be t(26). Let w = d + z. Is w composite?
False
Suppose 4*l + 66 = 18. Is (2334/l)/(3/(-42)) composite?
True
Let t(w) = -8*w - 25. Let p be t(1). Let x(o) = -10*o - 151. Is x(p) prime?
True
Let z = 128 + -108. Suppose -z*x = -15*x - 30. Let r(a) = 4*a**3 + 4*a + 17. Is r(x) a prime number?
False
Suppose 6*d + 2*d = 340040. Is d composite?
True
Suppose -73 = 8*k + 15. Let c(w) = w**3 - 4*w**2 - 14*w - 15. Let h be c(k). Let o = h - -2375. Is o prime?
False
Suppose -14133 - 907 = -4*s. Suppose -6*d + 2*x - 13227 = -d, -3*x - 5287 = 2*d. Let p = s + d. Is p a prime number?
False
Let k(x) = 56*x**2 + 180*x + 183. Is k(-58) prime?
True
Let a(v) be the second derivative of v**3/3 - 19*v**2/2 - 16*v. Let c be a(8). Is c + -1 + (936 - 9) a composite number?
True
Suppose -5*y - 4127826 = -2*o, -2*o + 12*y - 9*y = -4127834. Is o a prime number?
False
Is 3/(9/1273695)*(31 - 30) a composite number?
True
Suppose 11*g = 13*g - 6. Suppose 2*b = c - 1, -4*b + 0*b + g*c - 3 = 0. Is 555 - (5 + (-1 - b)) composite?
True
Let f(s) = s**2 + 18*s - 30. Let k(o) = 17*o**3 + 3*o**2 - 3*o + 2. Let b = -7 - -8. Let g be k(b). Is f(g) composite?
False
Let w(c) = 4*c**2 + 8*c + 12. Let g be w(-7). Suppose s - 180 - g = 0. Suppose 0 = 4*m + s - 2592. Is m a composite number?
True
Suppose 2*t = -3*t + 10. Suppose t + 6 = 2*g. Is ((-39)/9 - -5)/(g/2874) a composite number?
False
Let n(p) = 9*p + 33*p + 2 + 8 - 11*p + 5. Let v = -13 + 21. Is n(v) composite?
False
Let t = -47 + 61. Let l(p) = t*p + 3*p**2 + p + 465 - 464. Is l(-21) a prime number?
True
Suppose -y - h - 152 = 0, 0*y = 2*y - 2*h + 300. Let s be 1/(-8)*6 + y/(-4). Let d = s - 6. Is d a composite number?
False
Suppose -4*o - 2*h = -1 - 15, 1 = -3*o + 5*h. Let f(m) = -50*m**2 + 2. Let u be f(o). Let g = u + 659. Is g prime?
True
Let n(d) = d**3 - d**2 - 1. Let p(k) = -5*k**3 - 39*k**2 - 46*k + 41. Let q(b) = -4*n(b) - p(b). Is q(-24) a prime number?
True
Let a = -178 - -176. Is 1/(a/(-20))*(-90108)/(-72) prime?
False
Suppose 671*q - 460*q = 306*q - 86726735. Is q composite?
True
Suppose t - 317762 = -3*k, -t + 0*t + 4*k = -317741. Is t composite?
True
Let g(k) = k**3 - 6*k**2 - 18*k - 124. Let p be g(-32). Let o = -25307 - p. Is o a prime number?
False
Is 1/(63/(-36)) - (-9236270)/14 a composite number?
True
Suppose -51*k + 3344940 = 47*k - 8*k. Is k a composite number?
True
Suppose 3*s - 145922 = 374761. Is s a composite number?
False
Let w = 2742346 - -1284775. Is w composite?
True
Suppose 2*f + f = p - 97964, f - p = -32654. Is (1 + 1 + f/(-10))*2 prime?
False
Let u be (-10)/(4 + -5) + -5. Is (-400403)/(-145) - 2/u composite?
True
Suppose -10*l + 2282 - 16962 = 0. Let s = l - -2211. Is s a prime number?
True
Let t = 5 + 1. Suppose 3 = -n - 3*d, 3*d + t - 21 = -3*n. Suppose 2571 = n*y - 5592. Is y prime?
True
Is ((19134 - 11) + -2)*1 composite?
False
Let z(s) = 68*s**2 - 9*s - 1. Suppose -10 = 2*b + 3*d, 5*d = -b + 6*d. Is z(b) composite?
True
Suppose 2156*h - 2157*h = 2*j - 1006453, -j - 4*h = -503223. Is j prime?
True
Suppose -5*q + 79 + 6 = 0. Suppose -q - 13 = 3*k. Is k/(-4)*(-2 + 480/3) a prime number?
False
Suppose 5556175 - 2144001 + 1756192 = 14*a. Is a prime?
True
Let c(l) = 150*l**2 - 25*l + 26. Let s be c(-23). Suppose 0 = -23*v + s + 136042. Is v a composite number?
False
Let b be 6/33*-3 - (-4032)/132. Suppose 2*f - 2059 = -y, 5*f + 15 - b = 0. Is y prime?
True
Let h = -51 - -56. Let u be (-66)/(-10) - ((-22)/h + 5). Suppose -u*s = -s - 4435. Is s composite?
False
Suppose 56*v = -2*o + 53*v + 77437, 3*o - 116184 = 5*v. Is o prime?
True
Let k = -442260 - -766721. Is k composite?
True
Suppose 0 = -530*b + 540*b - 9164990. Is b prime?
False
Let l(b) = -b**3 + b - 5*b + 2*b - 587 + 4428 - 2*b**2. Is l(0) a composite number?
True
Suppose 18*h + 38124239 = 123*h + 11397014. Is h composite?
True
Suppose 69*b = -4*g + 73*b + 1181120, -5*g = -4*b - 1476397. Is g a composite number?
False
Let j = 24377 + -13986. Is j prime?
True
Suppose 834423 + 1047742 = 31*j. Is 1/(-2 + 5 + (-182140)/j) a prime number?
True
Suppose 132*d - 22250 = -46775 - 68799. Let b(q) = -44*q**3 - 5*q**2 + q + 2. Let n be b(3). Let z = d - n. Is z prime?
True
Let n(l) be the second derivative of 2*l**3 + l**2/2 + 19*l. Let h be n(-1). Let c(q) = -124*q + 17. Is c(h) prime?
True
Suppose 100*o - 98*o = 2. Suppose o + 2 = q. Suppose -3*d = 5*a - 4058, -q*a - 1371 = -d - a. Is d a composite number?
False
Suppose -17 = -3*q - 33*q + 55. Let a(o) be the third derivative of 11*o**4/24 + o**3/2 - o**2. Is a(q) a composite number?
True
Let r be (-5)/20*-3 + (-9)/(-4). Suppose -3*l - 70 = -2*i, -i + r*i = -l - 18. Is (l/(-8))/((-1)/(-68)) a composite number?
True
Let k be 5 - -2*(-39)/6. Is 2589*(k/(-10) + 28/(-60)) composite?
False
Suppose -4*t = -t - 184362. Suppose -5*u + 4*v + t = 2*v, 2*u + v - 24587 = 0. Suppose -o + 5*o = u. Is o prime?
False
Suppose -81*i - 4247953 + 31716084 + 16437028 = 0. Is i composite?
True
Let f be (-4)/(2/(-29256 + (-5)/(-1))). Suppose -56128 = -10*b + f. Is b prime?
False
Let k be 3917/7 + (-64)/112. Let s = k - 382. Is s composite?
True
Let d(t) = 12*t**2 - 15*t + 3. Let z be d(-5). Suppose v = -2*m + 383, -25*m - z = -v - 26*m. Is v a prime number?
True
Let o = 153618 - -158639. Is o prime?
False
Let k be (-2 + 1 + 13416)*(-34)/(-34). Suppose -5*d + k = 2*f, d + f + 2*f = 2696. Is d a composite number?
True
Suppose 0 = 5*d + 2*p + 104249, 26*p - 22*p + 20857 = -d. Is (d/(-4))/(-10 + (-451)/(-44)) a composite number?
False
Let x(o) = -91*o - 549. Let h be x(-6). Let c(l) = -146*l**3 - l - 4. Is c(h) composite?
True
Is 1 - (2021319/(-36) + 2/(-8)) a prime number?
True
Is 138340/7 - (3*6/126)/(-1) prime?
True
Is 144/48*(-270407)/(-3) a prime number?
True
Is -8 + (2 - (2 - 365585/5)) a composite number?
True
Let j(s) = -s**2 + 5*s + 10. Suppose 0 = -3*t - 3*o + 24, 2*o - 2 - 2 = 0. Let w be j(t). Is 11/(-22) - (-1054)/w a composite number?
False
Is -1 - -130309 - (-2 + 4 + 9) a composite number?
True
Is (-6 - (-25934769)/99) + (-16)/44 a prime number?
False
Is ((-3)/(-12))/(((-26)/290392)/(-13)) composite?
False
Let a = 7400 + 8783. Is a composite?
False
Let j(f) = 4870*f - 8. Let a be j(1). Suppose -8*q + 6314 = -a. Is q prime?
False
Let s = -46 - -82. Let f = 38 - s. Suppose -z + 544 = u, -5*z + f*z = 4*u - 2173. Is u a composite number?
False
Let f = -116552 - -173452. Is 4 + f/6 - 3/9 prime?
False
Suppose 15 - 7 = 4*b. Let g be (1569/b)/((-2)/(-4)). Suppose -104 = 5*o - g. Is o a prime number?
True
Let j = 39354 + -21089. Suppose -2*d + j = -v, -3*d - 5*v = -15606 - 11798. Is d a prime number?
True
Let u be -12 + 15 + (1 - 36). Let m = u + 34. Suppose 3*z = 2*w + 2101, -m*z + 1398 = -4*w + 2*w. Is z composite?
True
Suppose -2*h = -3*d - 43, -2*h = -3*d - h - 47. Let l(y) = -369*y - 110. Is l(d) prime?
True
Is (75/60*4831)/((-2)/(-8)) a composite number?
True
Let k(l) = -74*l - 57. Let p(a) = -25*a - 19. Let c(r) = -3*k(r) + 8*p(r). Let v be c(6). Let h = 405 - v. Is h a composite number?
True
Let p(v) be the third derivative of 2*v**5/15 - v**4/12 + v**3/6 + 236*v**2. Suppose -27 = -5*w + 2*s, 0*w + s - 4 = -w. Is p(w) a prime number?
True
Suppose -f - f + 20 = 0. Suppose -4*w + 22 - f = 0. Suppose 15 = -3*o - 0*o, -w*l - 5*o = -314. Is l prime?
True
Suppose 37*p - 24*p + 107640 = 0. Let y = -5009 - p. Is y composite?
False
Let q(a) = -259*a. Let m be q(4). Let x be (614/3)/((-36)/(-270)). Let o = x + m. Is o composite?
False
Let g = 216325 + -127845. Suppose 3*v = -2*w - 751 + 36152, 3*v - g = -5*w. Is w composite?
True
Suppose 3*r = 12, -4*c - 25*r + 26*r = -391080. Is c a prime number?
True
Suppose -49103 = -20*s + 16677. Let g = s - -1320. Is g a composite number?
True
Suppose 0 = -2*b + 294 + 624. Let f = 1714 - b. Is f composite?
True
Let a be (-44)/99 + 38476/(-18). Let f = 91 - a. Is f composite?
True
Let s be (242/847)/((-2)/(-10318)). Let 